{"id":1285,"date":"2021-02-01T09:34:46","date_gmt":"2021-02-01T08:34:46","guid":{"rendered":"https:\/\/www.irriga.es\/?page_id=1285"},"modified":"2022-09-30T11:28:06","modified_gmt":"2022-09-30T10:28:06","slug":"tele-gestio-del-reg","status":"publish","type":"page","link":"https:\/\/irriga.es\/index.php\/tele-gestio-del-reg\/","title":{"rendered":"Tele-gestio del reg"},"content":{"rendered":"<p>[et_pb_section fb_built=&#8221;1&#8243; _builder_version=&#8221;4.4.8&#8243; background_color=&#8221;#003d52&#8243; custom_padding=&#8221;0px||0px||false|false&#8221;][et_pb_row column_structure=&#8221;1_4,3_4&#8243; make_equal=&#8221;on&#8221; _builder_version=&#8221;4.4.8&#8243;][et_pb_column type=&#8221;1_4&#8243; module_id=&#8221;icontitulo&#8221; _builder_version=&#8221;4.4.8&#8243;][et_pb_image src=&#8221;https:\/\/irriga.es\/wp-content\/uploads\/2020\/07\/icon-irriga.png&#8221; title_text=&#8221;icon-irriga&#8221; align_tablet=&#8221;left&#8221; align_phone=&#8221;left&#8221; align_last_edited=&#8221;off|desktop&#8221; _builder_version=&#8221;4.4.8&#8243; width=&#8221;75px&#8221; custom_margin=&#8221;-0.5px||||false|false&#8221;][\/et_pb_image][\/et_pb_column][et_pb_column type=&#8221;3_4&#8243; _builder_version=&#8221;4.4.8&#8243; custom_padding=&#8221;20px||||false|false&#8221; custom_padding_tablet=&#8221;&#8221; custom_padding_phone=&#8221;&#8221; custom_padding_last_edited=&#8221;on|desktop&#8221;][et_pb_text admin_label=&#8221;Texto&#8221; _builder_version=&#8221;4.4.8&#8243; custom_margin=&#8221;||||false|false&#8221; custom_padding=&#8221;||||false|false&#8221; custom_padding_last_edited=&#8221;off|desktop&#8221;]<\/p>\n<div class=\"et_pb_column et_pb_column_4_4 et_pb_column_0_tb_body  et_pb_css_mix_blend_mode_passthrough et-last-child\">\n<div class=\"et_pb_module et_pb_post_title et_pb_post_title_0_tb_body et_pb_bg_layout_dark  et_pb_text_align_left et_had_animation\">\n<div class=\"et_pb_title_container\">\n<h1 id=\"titulopaginaservicios\" class=\"entry-title\">Tele-gesti\u00f3 del reg<\/h1>\n<\/div>\n<\/div>\n<\/div>\n<p>[\/et_pb_text][\/et_pb_column][\/et_pb_row][\/et_pb_section][et_pb_section fb_built=&#8221;1&#8243; _builder_version=&#8221;4.1&#8243; custom_padding=&#8221;||0px||false|false&#8221; animation_style=&#8221;slide&#8221; animation_direction=&#8221;bottom&#8221; animation_duration=&#8221;800ms&#8221; animation_intensity_slide=&#8221;20%&#8221;][et_pb_row column_structure=&#8221;1_3,2_3&#8243; _builder_version=&#8221;4.4.8&#8243;][et_pb_column type=&#8221;1_3&#8243; _builder_version=&#8221;4.1&#8243;][et_pb_text _builder_version=&#8221;4.4.8&#8243;]<\/p>\n<p>Serveis a l\u2019usuari en la gesti\u00f3 a dist\u00e0ncia dels sistemes de reg: Implantaci\u00f3 del sistema de comunicaci\u00f3 a dist\u00e0ncia adequat a cada cas.<\/p>\n<p>[\/et_pb_text][et_pb_text ul_type=&#8221;square&#8221; _builder_version=&#8221;4.4.8&#8243; ul_text_color=&#8221;#53c8e7&#8243; header_4_font=&#8221;||||||||&#8221; header_4_text_color=&#8221;#53c8e7&#8243; header_4_font_size=&#8221;1em&#8221;]<\/p>\n<h4 style=\"color: #003d52!important;\"><i class=\"fas fa-check-circle\" style=\"color: #53c8e7!important;\"><\/i>\u00a0\u00a0Servei b\u00e0sic: Connexi\u00f3 per emerg\u00e8ncies i manteniments<\/h4>\n<h4 style=\"color: #003d52!important;\"><i class=\"fas fa-check-circle\" style=\"color: #53c8e7!important;\"><\/i>\u00a0\u00a0Servei peri\u00f2dic de control del sistema de reg<\/h4>\n<h4 style=\"color: #003d52!important;\"><i class=\"fas fa-check-circle\" style=\"color: #53c8e7!important;\"><\/i>\u00a0Servei complet de programaci\u00f3, llistats d\u2019aplicacions, i gesti\u00f3 integral del reg<\/h4>\n<p>[\/et_pb_text][\/et_pb_column][et_pb_column type=&#8221;2_3&#8243; _builder_version=&#8221;4.1&#8243;][et_pb_gallery gallery_ids=&#8221;1057&#8243; fullwidth=&#8221;on&#8221; admin_label=&#8221;galeria good&#8221; module_id=&#8221;slider&#8221; _builder_version=&#8221;4.4.8&#8243; auto=&#8221;on&#8221; auto_speed=&#8221;5000&#8243;][\/et_pb_gallery][\/et_pb_column][\/et_pb_row][\/et_pb_section][et_pb_section fb_built=&#8221;1&#8243; admin_label=&#8221;Si ets\/has sigut client d&#8217;Irriga i t&#8217;agradaria participar amb aquest programa, t&#8217;invitem a que ens envi\u00efs un correu a marqueting@irriga.es. T&#8217;esperem!&#8221; _builder_version=&#8221;4.4.8&#8243; background_color=&#8221;#ffffff&#8221; background_image=&#8221;https:\/\/irriga.es\/wp-content\/uploads\/2020\/01\/favicon.png&#8221; background_size=&#8221;contain&#8221; background_position=&#8221;center_left&#8221; custom_margin=&#8221;25px||||false|false&#8221; custom_padding=&#8221;0px||0px||false|false&#8221; animation_style=&#8221;slide&#8221; animation_direction=&#8221;left&#8221; animation_duration=&#8221;800ms&#8221; animation_intensity_slide=&#8221;20%&#8221; background_last_edited=&#8221;on|desktop&#8221; background_enable_image_tablet=&#8221;off&#8221; background_size_tablet=&#8221;contain&#8221; background_blend_tablet=&#8221;normal&#8221; global_module=&#8221;290&#8243; saved_tabs=&#8221;all&#8221; collapsed=&#8221;off&#8221;][\/et_pb_section][et_pb_section fb_built=&#8221;1&#8243; _builder_version=&#8221;4.4.8&#8243; custom_padding=&#8221;||0px||false|false&#8221;][et_pb_row column_structure=&#8221;1_4,1_2,1_4&#8243; use_custom_gutter=&#8221;on&#8221; gutter_width=&#8221;1&#8243; make_equal=&#8221;on&#8221; _builder_version=&#8221;4.4.8&#8243; width=&#8221;100%&#8221; max_width=&#8221;2560px&#8221; custom_padding=&#8221;0px||0px||false|false&#8221; animation_style=&#8221;slide&#8221; animation_direction=&#8221;bottom&#8221; animation_duration=&#8221;800ms&#8221; animation_intensity_slide=&#8221;20%&#8221; hover_enabled=&#8221;0&#8243;][et_pb_column type=&#8221;1_4&#8243; _builder_version=&#8221;4.4.8&#8243; background_image=&#8221;https:\/\/irriga.es\/wp-content\/uploads\/2022\/07\/FUTURO.png&#8221; hover_enabled=&#8221;0&#8243; alt=&#8221;reg intel\u00b7ligent&#8221; title_text=&#8221;FUTURO&#8221;][et_pb_divider show_divider=&#8221;off&#8221; _builder_version=&#8221;4.4.8&#8243; min_height=&#8221;350px&#8221; hover_enabled=&#8221;0&#8243;][\/et_pb_divider][\/et_pb_column][et_pb_column type=&#8221;1_2&#8243; _builder_version=&#8221;4.4.8&#8243; background_image=&#8221;https:\/\/irriga.es\/wp-content\/uploads\/2021\/01\/IRRIGA_052-1.jpg&#8221;][et_pb_divider show_divider=&#8221;off&#8221; _builder_version=&#8221;4.1&#8243; min_height=&#8221;350px&#8221;][\/et_pb_divider][\/et_pb_column][et_pb_column type=&#8221;1_4&#8243; _builder_version=&#8221;4.4.8&#8243; background_image=&#8221;https:\/\/irriga.es\/wp-content\/uploads\/2021\/01\/IRRIGA_067.jpg&#8221;][et_pb_divider show_divider=&#8221;off&#8221; _builder_version=&#8221;4.1&#8243; min_height=&#8221;350px&#8221;][\/et_pb_divider][\/et_pb_column][\/et_pb_row][\/et_pb_section]<\/p>\n","protected":false},"excerpt":{"rendered":"<p>Tele-gesti\u00f3 del reg Serveis a l\u2019usuari en la gesti\u00f3 a dist\u00e0ncia dels sistemes de reg: Implantaci\u00f3 del sistema de comunicaci\u00f3 a dist\u00e0ncia adequat a cada cas.\u00a0\u00a0Servei b\u00e0sic: Connexi\u00f3 per emerg\u00e8ncies i manteniments \u00a0\u00a0Servei peri\u00f2dic de control del sistema de reg \u00a0Servei complet de programaci\u00f3, llistats d\u2019aplicacions, i gesti\u00f3 integral del reg<\/p>\n","protected":false},"author":1,"featured_media":0,"parent":0,"menu_order":0,"comment_status":"closed","ping_status":"closed","template":"","meta":{"_et_pb_use_builder":"on","_et_pb_old_content":"<!-- wp:paragraph -->\r\n<p>This is an example page. It's different from a blog post because it will stay in one place and will show up in your site navigation (in most themes). Most people start with an About page that introduces them to potential site visitors. It might say something like this:<\/p>\r\n<!-- \/wp:paragraph -->\r\n\r\n<!-- wp:quote -->\r\n<blockquote class=\"wp-block-quote\"><p>Hi there! I'm a bike messenger by day, aspiring actor by night, and this is my website. I live in Los Angeles, have a great dog named Jack, and I like pi\u00f1a coladas. (And gettin' caught in the rain.)<\/p><\/blockquote>\r\n<!-- \/wp:quote -->\r\n\r\n<!-- wp:paragraph -->\r\n<p>...or something like this:<\/p>\r\n<!-- \/wp:paragraph -->\r\n\r\n<!-- wp:quote -->\r\n<blockquote class=\"wp-block-quote\"><p>The XYZ Doohickey Company was founded in 1971, and has been providing quality doohickeys to the public ever since. Located in Gotham City, XYZ employs over 2,000 people and does all kinds of awesome things for the Gotham community.<\/p><\/blockquote>\r\n<!-- \/wp:quote -->\r\n\r\n<!-- wp:paragraph -->\r\n<p>As a new WordPress user, you should go to <a href=\"https:\/\/irriga.es\/wp-admin\/\">your dashboard<\/a> to delete this page and create new pages for your content. Have fun!<\/p>\r\n<!-- \/wp:paragraph -->","_et_gb_content_width":"","_monsterinsights_skip_tracking":false,"_monsterinsights_sitenote_active":false,"_monsterinsights_sitenote_note":"","_monsterinsights_sitenote_category":0,"footnotes":""},"class_list":["post-1285","page","type-page","status-publish","hentry"],"yoast_head":"<!-- This site is optimized with the Yoast SEO plugin v26.6 - https:\/\/yoast.com\/wordpress\/plugins\/seo\/ -->\n<title>Tele-gestio del reg - Irriga Water Solutions<\/title>\n<meta name=\"description\" content=\"Tele-gesti\u00f3 de reg...Serveis a l\u2019usuari en la gesti\u00f3 a dist\u00e0ncia dels sistemes de reg: Implantaci\u00f3 del sistema...\" \/>\n<meta name=\"robots\" content=\"index, follow, max-snippet:-1, max-image-preview:large, max-video-preview:-1\" \/>\n<link rel=\"canonical\" href=\"https:\/\/irriga.es\/index.php\/tele-gestio-del-reg\/\" \/>\n<meta property=\"og:locale\" content=\"ca_ES\" \/>\n<meta property=\"og:type\" content=\"article\" \/>\n<meta property=\"og:title\" content=\"Tele-gestio del reg - Irriga Water Solutions\" \/>\n<meta property=\"og:description\" content=\"Tele-gesti\u00f3 de reg...Serveis a l\u2019usuari en la gesti\u00f3 a dist\u00e0ncia dels sistemes de reg: Implantaci\u00f3 del sistema...\" \/>\n<meta property=\"og:url\" content=\"https:\/\/irriga.es\/index.php\/tele-gestio-del-reg\/\" \/>\n<meta property=\"og:site_name\" content=\"Irriga Water Solutions\" \/>\n<meta property=\"article:modified_time\" content=\"2022-09-30T10:28:06+00:00\" \/>\n<meta name=\"twitter:card\" content=\"summary_large_image\" \/>\n<meta name=\"twitter:label1\" content=\"Temps estimat de lectura\" \/>\n\t<meta name=\"twitter:data1\" content=\"3 minuts\" \/>\n<script type=\"application\/ld+json\" class=\"yoast-schema-graph\">{\"@context\":\"https:\/\/schema.org\",\"@graph\":[{\"@type\":\"WebPage\",\"@id\":\"https:\/\/irriga.es\/index.php\/tele-gestio-del-reg\/\",\"url\":\"https:\/\/irriga.es\/index.php\/tele-gestio-del-reg\/\",\"name\":\"Tele-gestio del reg - Irriga Water Solutions\",\"isPartOf\":{\"@id\":\"https:\/\/irriga.es\/#website\"},\"datePublished\":\"2021-02-01T08:34:46+00:00\",\"dateModified\":\"2022-09-30T10:28:06+00:00\",\"description\":\"Tele-gesti\u00f3 de reg...Serveis a l\u2019usuari en la gesti\u00f3 a dist\u00e0ncia dels sistemes de reg: Implantaci\u00f3 del sistema...\",\"breadcrumb\":{\"@id\":\"https:\/\/irriga.es\/index.php\/tele-gestio-del-reg\/#breadcrumb\"},\"inLanguage\":\"ca\",\"potentialAction\":[{\"@type\":\"ReadAction\",\"target\":[\"https:\/\/irriga.es\/index.php\/tele-gestio-del-reg\/\"]}]},{\"@type\":\"BreadcrumbList\",\"@id\":\"https:\/\/irriga.es\/index.php\/tele-gestio-del-reg\/#breadcrumb\",\"itemListElement\":[{\"@type\":\"ListItem\",\"position\":1,\"name\":\"Portada\",\"item\":\"https:\/\/irriga.es\/\"},{\"@type\":\"ListItem\",\"position\":2,\"name\":\"Tele-gestio del reg\"}]},{\"@type\":\"WebSite\",\"@id\":\"https:\/\/irriga.es\/#website\",\"url\":\"https:\/\/irriga.es\/\",\"name\":\"Irriga Water Solutions\",\"description\":\"Sistemes de reg a mida \/\/ Obra hidr\u00e0ulica\",\"potentialAction\":[{\"@type\":\"SearchAction\",\"target\":{\"@type\":\"EntryPoint\",\"urlTemplate\":\"https:\/\/irriga.es\/?s={search_term_string}\"},\"query-input\":{\"@type\":\"PropertyValueSpecification\",\"valueRequired\":true,\"valueName\":\"search_term_string\"}}],\"inLanguage\":\"ca\"}]}<\/script>\n<!-- \/ Yoast SEO plugin. -->","yoast_head_json":{"title":"Tele-gestio del reg - Irriga Water Solutions","description":"Tele-gesti\u00f3 de reg...Serveis a l\u2019usuari en la gesti\u00f3 a dist\u00e0ncia dels sistemes de reg: Implantaci\u00f3 del sistema...","robots":{"index":"index","follow":"follow","max-snippet":"max-snippet:-1","max-image-preview":"max-image-preview:large","max-video-preview":"max-video-preview:-1"},"canonical":"https:\/\/irriga.es\/index.php\/tele-gestio-del-reg\/","og_locale":"ca_ES","og_type":"article","og_title":"Tele-gestio del reg - Irriga Water Solutions","og_description":"Tele-gesti\u00f3 de reg...Serveis a l\u2019usuari en la gesti\u00f3 a dist\u00e0ncia dels sistemes de reg: Implantaci\u00f3 del sistema...","og_url":"https:\/\/irriga.es\/index.php\/tele-gestio-del-reg\/","og_site_name":"Irriga Water Solutions","article_modified_time":"2022-09-30T10:28:06+00:00","twitter_card":"summary_large_image","twitter_misc":{"Temps estimat de lectura":"3 minuts"},"schema":{"@context":"https:\/\/schema.org","@graph":[{"@type":"WebPage","@id":"https:\/\/irriga.es\/index.php\/tele-gestio-del-reg\/","url":"https:\/\/irriga.es\/index.php\/tele-gestio-del-reg\/","name":"Tele-gestio del reg - Irriga Water Solutions","isPartOf":{"@id":"https:\/\/irriga.es\/#website"},"datePublished":"2021-02-01T08:34:46+00:00","dateModified":"2022-09-30T10:28:06+00:00","description":"Tele-gesti\u00f3 de reg...Serveis a l\u2019usuari en la gesti\u00f3 a dist\u00e0ncia dels sistemes de reg: Implantaci\u00f3 del sistema...","breadcrumb":{"@id":"https:\/\/irriga.es\/index.php\/tele-gestio-del-reg\/#breadcrumb"},"inLanguage":"ca","potentialAction":[{"@type":"ReadAction","target":["https:\/\/irriga.es\/index.php\/tele-gestio-del-reg\/"]}]},{"@type":"BreadcrumbList","@id":"https:\/\/irriga.es\/index.php\/tele-gestio-del-reg\/#breadcrumb","itemListElement":[{"@type":"ListItem","position":1,"name":"Portada","item":"https:\/\/irriga.es\/"},{"@type":"ListItem","position":2,"name":"Tele-gestio del reg"}]},{"@type":"WebSite","@id":"https:\/\/irriga.es\/#website","url":"https:\/\/irriga.es\/","name":"Irriga Water Solutions","description":"Sistemes de reg a mida \/\/ Obra hidr\u00e0ulica","potentialAction":[{"@type":"SearchAction","target":{"@type":"EntryPoint","urlTemplate":"https:\/\/irriga.es\/?s={search_term_string}"},"query-input":{"@type":"PropertyValueSpecification","valueRequired":true,"valueName":"search_term_string"}}],"inLanguage":"ca"}]}},"_links":{"self":[{"href":"https:\/\/irriga.es\/index.php\/wp-json\/wp\/v2\/pages\/1285","targetHints":{"allow":["GET"]}}],"collection":[{"href":"https:\/\/irriga.es\/index.php\/wp-json\/wp\/v2\/pages"}],"about":[{"href":"https:\/\/irriga.es\/index.php\/wp-json\/wp\/v2\/types\/page"}],"author":[{"embeddable":true,"href":"https:\/\/irriga.es\/index.php\/wp-json\/wp\/v2\/users\/1"}],"replies":[{"embeddable":true,"href":"https:\/\/irriga.es\/index.php\/wp-json\/wp\/v2\/comments?post=1285"}],"version-history":[{"count":8,"href":"https:\/\/irriga.es\/index.php\/wp-json\/wp\/v2\/pages\/1285\/revisions"}],"predecessor-version":[{"id":4382,"href":"https:\/\/irriga.es\/index.php\/wp-json\/wp\/v2\/pages\/1285\/revisions\/4382"}],"wp:attachment":[{"href":"https:\/\/irriga.es\/index.php\/wp-json\/wp\/v2\/media?parent=1285"}],"curies":[{"name":"wp","href":"https:\/\/api.w.org\/{rel}","templated":true}]}}