{"id":2442,"date":"2022-02-09T10:16:00","date_gmt":"2022-02-09T09:16:00","guid":{"rendered":"https:\/\/www.irriga.es\/?page_id=2442"},"modified":"2022-02-09T10:41:08","modified_gmt":"2022-02-09T09:41:08","slug":"firma-html-obra-publica","status":"publish","type":"page","link":"https:\/\/irriga.es\/index.php\/firma-html-obra-publica\/","title":{"rendered":"firma html Obra p\u00fablica"},"content":{"rendered":"<table class=\"ng-scope\" cellspacing=\"0\" cellpadding=\"0\">\n<tbody>\n<tr>\n<td class=\"ng-scope\" valign=\"top\"><a class=\"ng-scope\" href=\"https:\/\/irriga.es\/\" target=\"_blank\" rel=\"noopener\"><img loading=\"lazy\" decoding=\"async\" src=\"https:\/\/irriga.es\/wp-content\/uploads\/2021\/05\/logo.jpg\" alt=\"Logo\" width=\"86\" height=\"86\" border=\"0\" \/><\/a><\/td>\n<td valign=\"top\"><img decoding=\"async\" src=\"https:\/\/codetwocdn.azureedge.net\/images\/mail-signatures\/generator-dm\/\/medium-banner\/line.png\" alt=\"Logo\" width=\"11\" border=\"0\" \/><\/td>\n<td valign=\"top\">\n<table cellspacing=\"0\" cellpadding=\"0\">\n<tbody>\n<tr>\n<td><b>Monika Napierala<\/b><\/td>\n<\/tr>\n<tr class=\"ng-scope\">\n<td><span class=\"ng-binding\">Departament de M\u00e0rqueting<\/span><\/td>\n<\/tr>\n<tr class=\"ng-scope\">\n<td><span class=\"ng-binding ng-scope\">T: 973 25 78 63<\/span><span class=\"ng-scope\"> | <\/span><span class=\"ng-binding ng-scope\">M: 663 660 448<\/span><\/td>\n<\/tr>\n<tr class=\"ng-scope\">\n<td><span class=\"ng-binding ng-scope\">E: marqueting@irriga.es<\/span><span class=\"ng-scope\"> | <\/span><span class=\"ng-scope\"><a href=\"http:\/\/www.irriga.es\/\" target=\"_blank\" rel=\"noopener\"><span class=\"ng-binding ng-scope\">www.irriga.es<\/span><\/a><\/span><\/td>\n<\/tr>\n<tr class=\"ng-scope\">\n<td><span class=\"ng-binding ng-scope\">Pol. Ind. Cam\u00ed dels Frares, c\/ A Parc. 2 Nau 3<\/span><span class=\"ng-scope\"> | <\/span><span class=\"ng-binding ng-scope\">25190 Lleida<\/span><\/td>\n<\/tr>\n<tr class=\"ng-scope\">\n<td><span class=\"ng-scope\"><a href=\"https:\/\/es.linkedin.com\/company\/irriga-water-solutions-s-l\" target=\"_blank\" rel=\"noopener\"><img loading=\"lazy\" decoding=\"async\" src=\"https:\/\/codetwocdn.azureedge.net\/images\/mail-signatures\/generator-dm\/medium-banner\/ln.png\" alt=\"LinkedIn icon\" width=\"20\" height=\"20\" border=\"0\" \/><\/a>\u00a0<\/span><span class=\"ng-scope\"><a href=\"https:\/\/twitter.com\/irrigaS\" target=\"_blank\" rel=\"noopener\"><img loading=\"lazy\" decoding=\"async\" src=\"https:\/\/codetwocdn.azureedge.net\/images\/mail-signatures\/generator-dm\/medium-banner\/tt.png\" alt=\"Twitter icon\" width=\"20\" height=\"20\" border=\"0\" \/><\/a>\u00a0<\/span><span class=\"ng-scope\">\u00a0<\/span><span class=\"ng-scope\"><a href=\"https:\/\/www.instagram.com\/irrigawatersolutions\/\" target=\"_blank\" rel=\"noopener\"><img loading=\"lazy\" decoding=\"async\" src=\"https:\/\/codetwocdn.azureedge.net\/images\/mail-signatures\/generator-dm\/medium-banner\/it.png\" alt=\"Instagram icon\" width=\"20\" height=\"20\" border=\"0\" \/><\/a>\u00a0<\/span><\/td>\n<\/tr>\n<\/tbody>\n<\/table>\n<\/td>\n<\/tr>\n<tr class=\"ng-scope\">\n<td colspan=\"3\" width=\"430\">\n<table class=\"ng-scope\" style=\"height: 324px;\" width=\"501\" cellspacing=\"0\" cellpadding=\"0\">\n<tbody>\n<tr style=\"height: 8px;\">\n<td class=\"ng-scope\" style=\"width: 163.4583282470703px; height: 8px;\"><\/td>\n<td style=\"width: 163.4583282470703px; height: 8px;\" valign=\"top\"><\/td>\n<td style=\"width: 163.4583282470703px; height: 8px;\" valign=\"top\"><\/td>\n<\/tr>\n<tr class=\"ng-scope\" style=\"height: 158px;\">\n<td style=\"width: 495.7083435058594px; height: 158px;\" colspan=\"3\">\n<table class=\"ng-scope\" style=\"width: 513.75px;\" cellspacing=\"0\" cellpadding=\"0\">\n<tbody>\n<tr class=\"ng-scope\" style=\"height: 265px;\">\n<td style=\"height: 265px; width: 503.75px;\" colspan=\"3\">\n<table class=\"ng-scope\" style=\"width: 523.7916870117188px;\" cellspacing=\"0\" cellpadding=\"0\">\n<tbody>\n<tr class=\"ng-scope\">\n<td style=\"width: 514.7916870117188px;\" colspan=\"3\"><a class=\"ng-scope\" href=\"https:\/\/irriga.es\/\" target=\"_blank\" rel=\"noopener\"><img loading=\"lazy\" decoding=\"async\" class=\"\" src=\"https:\/\/irriga.es\/wp-content\/uploads\/2022\/02\/OP-scaled.jpg\" alt=\"Banner\" width=\"518\" height=\"311\" border=\"0\" \/><\/a><\/td>\n<\/tr>\n<\/tbody>\n<\/table>\n<\/td>\n<\/tr>\n<\/tbody>\n<\/table>\n<\/td>\n<\/tr>\n<\/tbody>\n<\/table>\n<p>&nbsp;<\/td>\n<\/tr>\n<\/tbody>\n<\/table>\n<p>Avis legal: Aquest missatge i els arxius adjunts s\u00f3n confidencials i es dirigeixen exclusivament al seu destinatari. Si no \u00e9s vost\u00e8 el destinatari indicat, queda notificat que la utilitzaci\u00f3, divulgaci\u00f3 i\/o c\u00f2pia sense autoritzaci\u00f3 est\u00e0 prohibida en virtut de la legislaci\u00f3 vigent. Si vost\u00e8 ha rebut aquest correu per error, per favor avisi&#8217;ns immediatament a trav\u00e9s de correu electr\u00f2nic o per tel\u00e8fon, descrits en la part superior, i tingui l&#8217;amabilitat d&#8217;eliminar-ho del seu sistema. En compliment de l\u2019establar-te en la Llei Org\u00e0nica 15\/1999, de 13 de Desembre, de Protecci\u00f3 de Dades de car\u00e0cter Personal li informem que les seves dades personals quedaran incorporats en els fitxers de IRRIGA WATER SOLUTIONS SL, amb la finalitat de poder-li prestar i oferir els nostres serveis. Aix\u00ed mateix, li informem de la possibilitat que exerceixi els drets d&#8217;acc\u00e9s, rectificaci\u00f3, cancel\u00b7laci\u00f3 i oposici\u00f3 de les seves dades de car\u00e0cter personal dirigint-se a IRRIGA WATER SOLUTIONS SL en la seg\u00fcent adre\u00e7a de correu electr\u00f2nic: administracio@irriga.es.<\/p>\n<p>&nbsp;<\/p>\n","protected":false},"excerpt":{"rendered":"<p>Monika Napierala Departament de M\u00e0rqueting T: 973 25 78 63 | M: 663 660 448 E: marqueting@irriga.es | www.irriga.es Pol. Ind. Cam\u00ed dels Frares, c\/ A Parc. 2 Nau 3 | 25190 Lleida \u00a0\u00a0\u00a0\u00a0 &nbsp; Avis legal: Aquest missatge i els arxius adjunts s\u00f3n confidencials i es dirigeixen exclusivament al seu destinatari. Si no \u00e9s [&hellip;]<\/p>\n","protected":false},"author":1,"featured_media":0,"parent":0,"menu_order":0,"comment_status":"closed","ping_status":"closed","template":"","meta":{"_et_pb_use_builder":"","_et_pb_old_content":"","_et_gb_content_width":"","_monsterinsights_skip_tracking":false,"_monsterinsights_sitenote_active":false,"_monsterinsights_sitenote_note":"","_monsterinsights_sitenote_category":0,"footnotes":""},"class_list":["post-2442","page","type-page","status-publish","hentry"],"yoast_head":"<!-- This site is optimized with the Yoast SEO plugin v26.6 - https:\/\/yoast.com\/wordpress\/plugins\/seo\/ -->\n<title>firma html Obra p\u00fablica - Irriga Water Solutions<\/title>\n<meta name=\"robots\" content=\"index, follow, max-snippet:-1, max-image-preview:large, max-video-preview:-1\" \/>\n<link rel=\"canonical\" href=\"https:\/\/irriga.es\/index.php\/firma-html-obra-publica\/\" \/>\n<meta property=\"og:locale\" content=\"ca_ES\" \/>\n<meta property=\"og:type\" content=\"article\" \/>\n<meta property=\"og:title\" content=\"firma html Obra p\u00fablica - Irriga Water Solutions\" \/>\n<meta property=\"og:description\" content=\"Monika Napierala Departament de M\u00e0rqueting T: 973 25 78 63 | M: 663 660 448 E: marqueting@irriga.es | www.irriga.es Pol. Ind. Cam\u00ed dels Frares, c\/ A Parc. 2 Nau 3 | 25190 Lleida \u00a0\u00a0\u00a0\u00a0 &nbsp; Avis legal: Aquest missatge i els arxius adjunts s\u00f3n confidencials i es dirigeixen exclusivament al seu destinatari. Si no \u00e9s [&hellip;]\" \/>\n<meta property=\"og:url\" content=\"https:\/\/irriga.es\/index.php\/firma-html-obra-publica\/\" \/>\n<meta property=\"og:site_name\" content=\"Irriga Water Solutions\" \/>\n<meta property=\"article:modified_time\" content=\"2022-02-09T09:41:08+00:00\" \/>\n<meta property=\"og:image\" content=\"https:\/\/irriga.es\/wp-content\/uploads\/2021\/05\/logo.jpg\" \/>\n<meta name=\"twitter:card\" content=\"summary_large_image\" \/>\n<meta name=\"twitter:label1\" content=\"Temps estimat de lectura\" \/>\n\t<meta name=\"twitter:data1\" content=\"3 minuts\" \/>\n<script type=\"application\/ld+json\" class=\"yoast-schema-graph\">{\"@context\":\"https:\/\/schema.org\",\"@graph\":[{\"@type\":\"WebPage\",\"@id\":\"https:\/\/irriga.es\/index.php\/firma-html-obra-publica\/\",\"url\":\"https:\/\/irriga.es\/index.php\/firma-html-obra-publica\/\",\"name\":\"firma html Obra p\u00fablica - Irriga Water Solutions\",\"isPartOf\":{\"@id\":\"https:\/\/irriga.es\/#website\"},\"primaryImageOfPage\":{\"@id\":\"https:\/\/irriga.es\/index.php\/firma-html-obra-publica\/#primaryimage\"},\"image\":{\"@id\":\"https:\/\/irriga.es\/index.php\/firma-html-obra-publica\/#primaryimage\"},\"thumbnailUrl\":\"https:\/\/irriga.es\/wp-content\/uploads\/2021\/05\/logo.jpg\",\"datePublished\":\"2022-02-09T09:16:00+00:00\",\"dateModified\":\"2022-02-09T09:41:08+00:00\",\"breadcrumb\":{\"@id\":\"https:\/\/irriga.es\/index.php\/firma-html-obra-publica\/#breadcrumb\"},\"inLanguage\":\"ca\",\"potentialAction\":[{\"@type\":\"ReadAction\",\"target\":[\"https:\/\/irriga.es\/index.php\/firma-html-obra-publica\/\"]}]},{\"@type\":\"ImageObject\",\"inLanguage\":\"ca\",\"@id\":\"https:\/\/irriga.es\/index.php\/firma-html-obra-publica\/#primaryimage\",\"url\":\"https:\/\/irriga.es\/wp-content\/uploads\/2021\/05\/logo.jpg\",\"contentUrl\":\"https:\/\/irriga.es\/wp-content\/uploads\/2021\/05\/logo.jpg\",\"width\":172,\"height\":172},{\"@type\":\"BreadcrumbList\",\"@id\":\"https:\/\/irriga.es\/index.php\/firma-html-obra-publica\/#breadcrumb\",\"itemListElement\":[{\"@type\":\"ListItem\",\"position\":1,\"name\":\"Portada\",\"item\":\"https:\/\/irriga.es\/\"},{\"@type\":\"ListItem\",\"position\":2,\"name\":\"firma html Obra p\u00fablica\"}]},{\"@type\":\"WebSite\",\"@id\":\"https:\/\/irriga.es\/#website\",\"url\":\"https:\/\/irriga.es\/\",\"name\":\"Irriga Water Solutions\",\"description\":\"Sistemes de reg a mida \/\/ Obra hidr\u00e0ulica\",\"potentialAction\":[{\"@type\":\"SearchAction\",\"target\":{\"@type\":\"EntryPoint\",\"urlTemplate\":\"https:\/\/irriga.es\/?s={search_term_string}\"},\"query-input\":{\"@type\":\"PropertyValueSpecification\",\"valueRequired\":true,\"valueName\":\"search_term_string\"}}],\"inLanguage\":\"ca\"}]}<\/script>\n<!-- \/ Yoast SEO plugin. -->","yoast_head_json":{"title":"firma html Obra p\u00fablica - Irriga Water Solutions","robots":{"index":"index","follow":"follow","max-snippet":"max-snippet:-1","max-image-preview":"max-image-preview:large","max-video-preview":"max-video-preview:-1"},"canonical":"https:\/\/irriga.es\/index.php\/firma-html-obra-publica\/","og_locale":"ca_ES","og_type":"article","og_title":"firma html Obra p\u00fablica - Irriga Water Solutions","og_description":"Monika Napierala Departament de M\u00e0rqueting T: 973 25 78 63 | M: 663 660 448 E: marqueting@irriga.es | www.irriga.es Pol. Ind. Cam\u00ed dels Frares, c\/ A Parc. 2 Nau 3 | 25190 Lleida \u00a0\u00a0\u00a0\u00a0 &nbsp; Avis legal: Aquest missatge i els arxius adjunts s\u00f3n confidencials i es dirigeixen exclusivament al seu destinatari. Si no \u00e9s [&hellip;]","og_url":"https:\/\/irriga.es\/index.php\/firma-html-obra-publica\/","og_site_name":"Irriga Water Solutions","article_modified_time":"2022-02-09T09:41:08+00:00","og_image":[{"url":"https:\/\/irriga.es\/wp-content\/uploads\/2021\/05\/logo.jpg","type":"","width":"","height":""}],"twitter_card":"summary_large_image","twitter_misc":{"Temps estimat de lectura":"3 minuts"},"schema":{"@context":"https:\/\/schema.org","@graph":[{"@type":"WebPage","@id":"https:\/\/irriga.es\/index.php\/firma-html-obra-publica\/","url":"https:\/\/irriga.es\/index.php\/firma-html-obra-publica\/","name":"firma html Obra p\u00fablica - Irriga Water Solutions","isPartOf":{"@id":"https:\/\/irriga.es\/#website"},"primaryImageOfPage":{"@id":"https:\/\/irriga.es\/index.php\/firma-html-obra-publica\/#primaryimage"},"image":{"@id":"https:\/\/irriga.es\/index.php\/firma-html-obra-publica\/#primaryimage"},"thumbnailUrl":"https:\/\/irriga.es\/wp-content\/uploads\/2021\/05\/logo.jpg","datePublished":"2022-02-09T09:16:00+00:00","dateModified":"2022-02-09T09:41:08+00:00","breadcrumb":{"@id":"https:\/\/irriga.es\/index.php\/firma-html-obra-publica\/#breadcrumb"},"inLanguage":"ca","potentialAction":[{"@type":"ReadAction","target":["https:\/\/irriga.es\/index.php\/firma-html-obra-publica\/"]}]},{"@type":"ImageObject","inLanguage":"ca","@id":"https:\/\/irriga.es\/index.php\/firma-html-obra-publica\/#primaryimage","url":"https:\/\/irriga.es\/wp-content\/uploads\/2021\/05\/logo.jpg","contentUrl":"https:\/\/irriga.es\/wp-content\/uploads\/2021\/05\/logo.jpg","width":172,"height":172},{"@type":"BreadcrumbList","@id":"https:\/\/irriga.es\/index.php\/firma-html-obra-publica\/#breadcrumb","itemListElement":[{"@type":"ListItem","position":1,"name":"Portada","item":"https:\/\/irriga.es\/"},{"@type":"ListItem","position":2,"name":"firma html Obra p\u00fablica"}]},{"@type":"WebSite","@id":"https:\/\/irriga.es\/#website","url":"https:\/\/irriga.es\/","name":"Irriga Water Solutions","description":"Sistemes de reg a mida \/\/ Obra hidr\u00e0ulica","potentialAction":[{"@type":"SearchAction","target":{"@type":"EntryPoint","urlTemplate":"https:\/\/irriga.es\/?s={search_term_string}"},"query-input":{"@type":"PropertyValueSpecification","valueRequired":true,"valueName":"search_term_string"}}],"inLanguage":"ca"}]}},"_links":{"self":[{"href":"https:\/\/irriga.es\/index.php\/wp-json\/wp\/v2\/pages\/2442","targetHints":{"allow":["GET"]}}],"collection":[{"href":"https:\/\/irriga.es\/index.php\/wp-json\/wp\/v2\/pages"}],"about":[{"href":"https:\/\/irriga.es\/index.php\/wp-json\/wp\/v2\/types\/page"}],"author":[{"embeddable":true,"href":"https:\/\/irriga.es\/index.php\/wp-json\/wp\/v2\/users\/1"}],"replies":[{"embeddable":true,"href":"https:\/\/irriga.es\/index.php\/wp-json\/wp\/v2\/comments?post=2442"}],"version-history":[{"count":3,"href":"https:\/\/irriga.es\/index.php\/wp-json\/wp\/v2\/pages\/2442\/revisions"}],"predecessor-version":[{"id":2446,"href":"https:\/\/irriga.es\/index.php\/wp-json\/wp\/v2\/pages\/2442\/revisions\/2446"}],"wp:attachment":[{"href":"https:\/\/irriga.es\/index.php\/wp-json\/wp\/v2\/media?parent=2442"}],"curies":[{"name":"wp","href":"https:\/\/api.w.org\/{rel}","templated":true}]}}